[INFO] cloning repository https://github.com/LupusAnay/bluebook-scraper
[INFO] running `Command { std: "git" "-c" "credential.helper=" "-c" "credential.helper=/workspace/cargo-home/bin/git-credential-null" "clone" "--bare" "https://github.com/LupusAnay/bluebook-scraper" "/workspace/cache/git-repos/https%3A%2F%2Fgithub.com%2FLupusAnay%2Fbluebook-scraper", kill_on_drop: false }`
[INFO] [stderr] Cloning into bare repository '/workspace/cache/git-repos/https%3A%2F%2Fgithub.com%2FLupusAnay%2Fbluebook-scraper'...
[INFO] running `Command { std: "git" "rev-parse" "HEAD", kill_on_drop: false }`
[INFO] [stdout] e1deea1bd386bd2b8e167f0532f34e93b3f17e1e
[INFO] checking LupusAnay/bluebook-scraper against try#72f88fc4e9458f89516a0b8b0868f3718aec5b47 for pr-74989
[INFO] running `Command { std: "git" "clone" "/workspace/cache/git-repos/https%3A%2F%2Fgithub.com%2FLupusAnay%2Fbluebook-scraper" "/workspace/builds/worker-4/source", kill_on_drop: false }`
[INFO] [stderr] Cloning into '/workspace/builds/worker-4/source'...
[INFO] [stderr] done.
[INFO] validating manifest of git repo https://github.com/LupusAnay/bluebook-scraper on toolchain 72f88fc4e9458f89516a0b8b0868f3718aec5b47
[INFO] running `Command { std: "/workspace/cargo-home/bin/cargo" "+72f88fc4e9458f89516a0b8b0868f3718aec5b47" "read-manifest" "--manifest-path" "Cargo.toml", kill_on_drop: false }`
[INFO] started tweaking git repo https://github.com/LupusAnay/bluebook-scraper
[INFO] finished tweaking git repo https://github.com/LupusAnay/bluebook-scraper
[INFO] tweaked toml for git repo https://github.com/LupusAnay/bluebook-scraper written to /workspace/builds/worker-4/source/Cargo.toml
[INFO] crate git repo https://github.com/LupusAnay/bluebook-scraper already has a lockfile, it will not be regenerated
[INFO] running `Command { std: "/workspace/cargo-home/bin/cargo" "+72f88fc4e9458f89516a0b8b0868f3718aec5b47" "fetch" "--locked" "--manifest-path" "Cargo.toml", kill_on_drop: false }`
[INFO] [stderr]  Downloading crates ...
[INFO] [stderr]   Downloaded derefable v0.1.0
[INFO] [stderr]   Downloaded tokio-socks v0.2.0
[INFO] running `Command { std: "docker" "create" "-v" "/var/lib/crater-agent-workspace/builds/worker-4/target:/opt/rustwide/target:rw,Z" "-v" "/var/lib/crater-agent-workspace/builds/worker-4/source:/opt/rustwide/workdir:ro,Z" "-v" "/var/lib/crater-agent-workspace/cargo-home:/opt/rustwide/cargo-home:ro,Z" "-v" "/var/lib/crater-agent-workspace/rustup-home:/opt/rustwide/rustup-home:ro,Z" "-e" "SOURCE_DIR=/opt/rustwide/workdir" "-e" "CARGO_TARGET_DIR=/opt/rustwide/target" "-e" "CARGO_HOME=/opt/rustwide/cargo-home" "-e" "RUSTUP_HOME=/opt/rustwide/rustup-home" "-w" "/opt/rustwide/workdir" "-m" "1610612736" "--user" "0:0" "--network" "none" "rustops/crates-build-env@sha256:d92eaeed33fa75130ca1ee6c8a01d1ffb62bac859dfdfb3450e3e5d1c0146529" "/opt/rustwide/cargo-home/bin/cargo" "+72f88fc4e9458f89516a0b8b0868f3718aec5b47" "metadata" "--no-deps" "--format-version=1", kill_on_drop: false }`
[INFO] [stderr] WARNING: Your kernel does not support swap limit capabilities or the cgroup is not mounted. Memory limited without swap.
[INFO] [stdout] 9d18716fbb4f4691f14051e00c289b35704a69868db3435e57adc5cfaf48873a
[INFO] running `Command { std: "docker" "start" "-a" "9d18716fbb4f4691f14051e00c289b35704a69868db3435e57adc5cfaf48873a", kill_on_drop: false }`
[INFO] running `Command { std: "docker" "inspect" "9d18716fbb4f4691f14051e00c289b35704a69868db3435e57adc5cfaf48873a", kill_on_drop: false }`
[INFO] running `Command { std: "docker" "rm" "-f" "9d18716fbb4f4691f14051e00c289b35704a69868db3435e57adc5cfaf48873a", kill_on_drop: false }`
[INFO] [stdout] 9d18716fbb4f4691f14051e00c289b35704a69868db3435e57adc5cfaf48873a
[INFO] running `Command { std: "docker" "create" "-v" "/var/lib/crater-agent-workspace/builds/worker-4/target:/opt/rustwide/target:rw,Z" "-v" "/var/lib/crater-agent-workspace/builds/worker-4/source:/opt/rustwide/workdir:ro,Z" "-v" "/var/lib/crater-agent-workspace/cargo-home:/opt/rustwide/cargo-home:ro,Z" "-v" "/var/lib/crater-agent-workspace/rustup-home:/opt/rustwide/rustup-home:ro,Z" "-e" "SOURCE_DIR=/opt/rustwide/workdir" "-e" "CARGO_TARGET_DIR=/opt/rustwide/target" "-e" "CARGO_INCREMENTAL=0" "-e" "RUST_BACKTRACE=full" "-e" "RUSTFLAGS=--cap-lints=forbid" "-e" "CARGO_HOME=/opt/rustwide/cargo-home" "-e" "RUSTUP_HOME=/opt/rustwide/rustup-home" "-w" "/opt/rustwide/workdir" "-m" "1610612736" "--user" "0:0" "--network" "none" "rustops/crates-build-env@sha256:d92eaeed33fa75130ca1ee6c8a01d1ffb62bac859dfdfb3450e3e5d1c0146529" "/opt/rustwide/cargo-home/bin/cargo" "+72f88fc4e9458f89516a0b8b0868f3718aec5b47" "check" "--frozen" "--all" "--all-targets" "--message-format=json", kill_on_drop: false }`
[INFO] [stdout] 44f32cd8d710e126cd1f5f9697b9cf2ff0010db7d8729e4e983d787b0bff8c73
[INFO] [stderr] WARNING: Your kernel does not support swap limit capabilities or the cgroup is not mounted. Memory limited without swap.
[INFO] running `Command { std: "docker" "start" "-a" "44f32cd8d710e126cd1f5f9697b9cf2ff0010db7d8729e4e983d787b0bff8c73", kill_on_drop: false }`
[INFO] [stderr]    Compiling memchr v2.3.2
[INFO] [stderr]    Compiling version_check v0.9.1
[INFO] [stderr]     Checking futures-core v0.3.4
[INFO] [stderr]    Compiling ryu v1.0.2
[INFO] [stderr]     Checking bytes v0.5.4
[INFO] [stderr]     Checking itoa v0.4.5
[INFO] [stderr]    Compiling syn v0.15.44
[INFO] [stderr]     Checking pin-project-lite v0.1.4
[INFO] [stderr]     Checking foreign-types-shared v0.1.1
[INFO] [stderr]     Checking new_debug_unreachable v1.0.4
[INFO] [stderr]    Compiling openssl v0.10.28
[INFO] [stderr]     Checking mac v0.1.1
[INFO] [stderr]    Compiling native-tls v0.2.3
[INFO] [stderr]     Checking precomputed-hash v0.1.1
[INFO] [stderr]     Checking percent-encoding v1.0.1
[INFO] [stderr]     Checking try-lock v0.2.2
[INFO] [stderr]     Checking string_cache_shared v0.3.0
[INFO] [stderr]     Checking regex-syntax v0.6.14
[INFO] [stderr]     Checking openssl-probe v0.1.2
[INFO] [stderr]     Checking mime v0.3.16
[INFO] [stderr]     Checking dtoa v0.4.5
[INFO] [stderr]    Compiling indexmap v1.3.2
[INFO] [stderr]     Checking thread_local v1.0.1
[INFO] [stderr]    Compiling openssl-sys v0.9.54
[INFO] [stderr]     Checking futf v0.1.4
[INFO] [stderr]     Checking futures-channel v0.3.4
[INFO] [stderr]     Checking foreign-types v0.3.2
[INFO] [stderr]    Compiling proc-macro2 v1.0.8
[INFO] [stderr]     Checking idna v0.2.0
[INFO] [stderr]     Checking idna v0.1.5
[INFO] [stderr]     Checking encoding_rs v0.8.22
[INFO] [stderr]     Checking iovec v0.1.4
[INFO] [stderr]     Checking net2 v0.2.33
[INFO] [stderr]     Checking signal-hook-registry v1.2.0
[INFO] [stderr]     Checking num_cpus v1.12.0
[INFO] [stderr]    Compiling rand_os v0.1.3
[INFO] [stderr]     Checking want v0.3.0
[INFO] [stderr]     Checking backtrace-sys v0.1.32
[INFO] [stderr]     Checking tendril v0.4.1
[INFO] [stderr]     Checking bytes v0.4.12
[INFO] [stderr]     Checking http v0.2.0
[INFO] [stderr]     Checking backtrace v0.3.44
[INFO] [stderr]     Checking mio v0.6.21
[INFO] [stderr]    Compiling rand v0.6.5
[INFO] [stderr]    Compiling unicase v2.6.0
[INFO] [stderr]    Compiling error-chain v0.12.2
[INFO] [stderr]    Compiling quote v1.0.2
[INFO] [stderr]     Checking url v2.1.1
[INFO] [stderr]     Checking url v1.7.2
[INFO] [stderr]     Checking aho-corasick v0.7.9
[INFO] [stderr]    Compiling syn v1.0.14
[INFO] [stderr]    Compiling mime_guess v2.0.1
[INFO] [stderr]     Checking mio-uds v0.6.7
[INFO] [stderr]     Checking cookie v0.12.0
[INFO] [stderr]    Compiling phf_generator v0.7.24
[INFO] [stderr]    Compiling string_cache_codegen v0.4.4
[INFO] [stderr]    Compiling phf_codegen v0.7.24
[INFO] [stderr]    Compiling string_cache v0.7.5
[INFO] [stderr]     Checking regex v1.3.4
[INFO] [stderr]     Checking http-body v0.3.1
[INFO] [stderr]     Checking publicsuffix v1.5.4
[INFO] [stderr]    Compiling synstructure v0.12.3
[INFO] [stderr]    Compiling html5ever v0.23.0
[INFO] [stderr]    Compiling derefable v0.1.0
[INFO] [stderr]    Compiling serde_derive v1.0.104
[INFO] [stderr]    Compiling proc-macro-hack v0.5.11
[INFO] [stderr]    Compiling tokio-macros v0.2.4
[INFO] [stderr]    Compiling pin-project-internal v0.4.8
[INFO] [stderr]    Compiling failure_derive v0.1.6
[INFO] [stderr]     Checking tokio v0.2.11
[INFO] [stderr]     Checking failure v0.1.6
[INFO] [stderr]    Compiling futures-macro v0.3.4
[INFO] [stderr]     Checking pin-project v0.4.8
[INFO] [stderr]     Checking futures-util v0.3.4
[INFO] [stderr]     Checking tokio-util v0.2.0
[INFO] [stderr]     Checking tokio-tls v0.3.0
[INFO] [stderr]     Checking serde v1.0.104
[INFO] [stderr]     Checking futures-executor v0.3.4
[INFO] [stderr]     Checking h2 v0.2.1
[INFO] [stderr]     Checking futures v0.3.4
[INFO] [stderr]     Checking tokio-socks v0.2.0
[INFO] [stderr]     Checking hyper v0.13.2
[INFO] [stderr]     Checking serde_json v1.0.48
[INFO] [stderr]     Checking serde_urlencoded v0.6.1
[INFO] [stderr]     Checking hyper-tls v0.4.1
[INFO] [stderr]     Checking cookie_store v0.10.0
[INFO] [stderr]     Checking reqwest v0.10.1
[INFO] [stderr]    Compiling markup5ever v0.8.1
[INFO] [stderr]     Checking select v0.4.3
[INFO] [stderr]     Checking bluebook-scraper v0.1.0 (/opt/rustwide/workdir)
[INFO] [stdout] warning: unused imports: `get_categories_page`, `get_company_page`
[INFO] [stdout]    --> src/parser/company_categories.rs:107:38
[INFO] [stdout]     |
[INFO] [stdout] 107 |     use crate::api::{client_factory, get_categories_page, get_company_page};
[INFO] [stdout]     |                                      ^^^^^^^^^^^^^^^^^^^  ^^^^^^^^^^^^^^^^
[INFO] [stdout]     |
[INFO] [stdout]     = note: `#[warn(unused_imports)]` on by default
[INFO] [stdout] 
[INFO] [stdout] 
[INFO] [stdout] warning: variable does not need to be mutable
[INFO] [stdout]   --> src/parser/company_categories.rs:70:9
[INFO] [stdout]    |
[INFO] [stdout] 70 |     let mut categories_array = try_join_all(
[INFO] [stdout]    |         ----^^^^^^^^^^^^^^^^
[INFO] [stdout]    |         |
[INFO] [stdout]    |         help: remove this `mut`
[INFO] [stdout]    |
[INFO] [stdout]    = note: `#[warn(unused_mut)]` on by default
[INFO] [stdout] 
[INFO] [stdout] 
[INFO] [stdout] warning: variable does not need to be mutable
[INFO] [stdout]   --> src/parser/company_categories.rs:70:9
[INFO] [stdout]    |
[INFO] [stdout] 70 |     let mut categories_array = try_join_all(
[INFO] [stdout]    |         ----^^^^^^^^^^^^^^^^
[INFO] [stdout]    |         |
[INFO] [stdout]    |         help: remove this `mut`
[INFO] [stdout]    |
[INFO] [stdout]    = note: `#[warn(unused_mut)]` on by default
[INFO] [stdout] 
[INFO] [stdout] 
[INFO] [stdout] error[E0063]: missing field `annual_vol` in initializer of `CompanyInfo`
[INFO] [stdout]   --> src/parser/company_info.rs:21:8
[INFO] [stdout]    |
[INFO] [stdout] 21 |     Ok(CompanyInfo {
[INFO] [stdout]    |        ^^^^^^^^^^^ missing `annual_vol`
[INFO] [stdout] 
[INFO] [stdout] 
[INFO] [stdout] error[E0063]: missing field `annual_vol` in initializer of `CompanyInfo`
[INFO] [stdout]   --> src/parser/company_info.rs:21:8
[INFO] [stdout]    |
[INFO] [stdout] 21 |     Ok(CompanyInfo {
[INFO] [stdout]    |        ^^^^^^^^^^^ missing `annual_vol`
[INFO] [stdout] 
[INFO] [stdout] 
[INFO] [stdout] error: aborting due to previous error; 1 warning emitted
[INFO] [stdout] 
[INFO] [stdout] 
[INFO] [stdout] For more information about this error, try `rustc --explain E0063`.
[INFO] [stdout] 
[INFO] [stderr] error: could not compile `bluebook-scraper`.
[INFO] [stderr] 
[INFO] [stderr] To learn more, run the command again with --verbose.
[INFO] [stderr] warning: build failed, waiting for other jobs to finish...
[INFO] [stdout] error[E0063]: missing field `annual_vol` in initializer of `CompanyInfo`
[INFO] [stdout]    --> src/parser/company_info.rs:174:13
[INFO] [stdout]     |
[INFO] [stdout] 174 |             CompanyInfo {
[INFO] [stdout]     |             ^^^^^^^^^^^ missing `annual_vol`
[INFO] [stdout] 
[INFO] [stdout] 
[INFO] [stdout] error: aborting due to 2 previous errors; 2 warnings emitted
[INFO] [stdout] 
[INFO] [stdout] 
[INFO] [stdout] For more information about this error, try `rustc --explain E0063`.
[INFO] [stdout] 
[INFO] [stderr] error: build failed
[INFO] running `Command { std: "docker" "inspect" "44f32cd8d710e126cd1f5f9697b9cf2ff0010db7d8729e4e983d787b0bff8c73", kill_on_drop: false }`
[INFO] running `Command { std: "docker" "rm" "-f" "44f32cd8d710e126cd1f5f9697b9cf2ff0010db7d8729e4e983d787b0bff8c73", kill_on_drop: false }`
[INFO] [stdout] 44f32cd8d710e126cd1f5f9697b9cf2ff0010db7d8729e4e983d787b0bff8c73
